hest common divisor of 20 and 125980?
20
What is the highest common factor of 308869 and 4257?
473
Calculate the greatest common factor of 191135 and 140.
35
What is the greatest common factor of 12 and 26340?
12
Calculate the greatest common divisor of 128 and 2984.
8
Calculate the highest common divisor of 27 and 8945127.
27
What is the greatest common factor of 80 and 88030?
10
What is the greatest common divisor of 273 and 116298?
273
What is the highest common divisor of 3114 and 12438?
18
Calculate the highest common factor of 142926 and 664.
166
What is the greatest common factor of 36 and 56748?
12
Calculate the greatest common factor of 77 and 8877.
11
What is the highest common factor of 33 and 102?
3
What is the highest common divisor of 3466 and 1054?
2
What is the greatest common factor of 1007146 and 43?
43
What is the greatest common factor of 3465357 and 987?
987
What is the highest common divisor of 10166 and 78?
26
What is the highest common divisor of 2058 and 322?
14
What is the greatest common factor of 59170 and 2074?
122
What is the highest common divisor of 190 and 111530?
190
What is the greatest common factor of 76951 and 721?
7
What is the greatest common factor of 54605 and 3350?
335
What is the greatest common factor of 1476585 and 990?
495
Calculate the highest common factor of 500 and 134500.
500
What is the highest common divisor of 2776 and 296?
8
Calculate the highest common factor of 1221 and 1454766.
111
Calculate the greatest common factor of 959 and 47.
1
What is the greatest common divisor of 55494 and 2934?
18
Calculate the greatest common factor of 18 and 2410767.
9
What is the greatest common divisor of 45262 and 3904?
122
What is the highest common divisor of 6400 and 400?
400
What is the greatest common divisor of 7680 and 14640?
240
What is the highest common divisor of 16 and 846064?
16
Calculate the highest common factor of 68 and 3122016.
68
What is the greatest common divisor of 18430 and 2375?
95
What is the highest common divisor of 62382 and 1405?
281
What is the highest common factor of 3666 and 32448?
78
Calculate the greatest common divisor of 168 and 289704.
24
What is the greatest common factor of 80717 and 65?
13
What is the highest common divisor of 38360 and 210?
70
What is the greatest common divisor of 96 and 131766?
6
What is the highest common divisor of 70 and 31745?
35
Calculate the highest common divisor of 48162 and 18.
6
Calculate the highest common divisor of 41 and 79335.
41
Calculate the highest common factor of 36 and 4683.
3
Calculate the highest common divisor of 230 and 6946.
46
What is the highest common factor of 1998 and 2106?
54
Calculate the highest common divisor of 47 and 49538.
47
What is the highest common divisor of 4458 and 42?
6
What is the highest common divisor of 3346 and 378?
14
What is the greatest common factor of 1920 and 17880?
120
What is the highest common divisor of 493 and 478176?
17
Calculate the highest common divisor of 45967 and 344.
43
Calculate the highest common factor of 138388 and 232.
116
What is the greatest common factor of 255876 and 36?
12
Calculate the highest common factor of 60092 and 52852.
724
What is the highest common factor of 84 and 2400804?
84
What is the greatest common divisor of 2448 and 4?
4
Calculate the highest common divisor of 1762293 and 1238.
619
Calculate the highest common divisor of 124180 and 80.
20
What is the greatest common factor of 3445 and 2730?
65
Calculate the highest common divisor of 1054 and 60264.
62
Calculate the greatest common factor of 14 and 990563.
7
What is the greatest common divisor of 246778 and 1050?
14
Calculate the highest common factor of 40 and 171660.
20
What is the greatest common factor of 27037 and 1691?
19
What is the greatest common factor of 2544789 and 276?
69
What is the greatest common factor of 3410 and 54065?
55
Calculate the greatest common factor of 88 and 191939.
11
Calculate the greatest common divisor of 120 and 19620.
60
What is the greatest common factor of 560 and 439880?
280
Calculate the greatest common factor of 10225 and 3350.
25
What is the highest common factor of 2718 and 11476?
302
Calculate the greatest common divisor of 2 and 431506.
2
What is the greatest common divisor of 771663 and 6?
3
Calculate the greatest common divisor of 16 and 259736.
8
Calculate the highest common divisor of 349855 and 11.
11
What is the greatest common divisor of 47 and 71957?
47
What is the greatest common factor of 56936 and 22?
22
What is the greatest common factor of 298221 and 5313?
231
Calculate the greatest common divisor of 355 and 325.
5
Calculate the highest common divisor of 536 and 28376.
8
What is the greatest common divisor of 25 and 7915?
5
Calculate the greatest common factor of 24 and 9468.
12
What is the greatest common divisor of 380 and 12388?
76
What is the highest common divisor of 1103 and 7?
1
What is the highest common divisor of 173 and 4088163?
173
Calculate the highest common factor of 3 and 11121.
3
What is the greatest common divisor of 307744 and 16?
16
Calculate the highest common factor of 75 and 195075.
75
What is the highest common factor of 4640 and 3600?
80
What is the highest common divisor of 33523 and 672?
7
What is the highest common divisor of 251328 and 16048?
272
Calculate the greatest common divisor of 127770 and 405.
15
What is the greatest common divisor of 203812 and 4060?
812
What is the greatest common factor of 1330 and 1344?
14
Calculate the greatest common divisor of 18 and 58734.
18
What is the greatest common divisor of 1921388 and 392?
196
Calculate the highest common factor of 90 and 153900.
90
Calculate the highest common divisor of 296 and 5224.
8
What is the greatest common factor of 109 and 38477?
109
Calculate the highest common factor of 320 and 110816.
32
What is the highest common factor of 4 and 4436?
4
What is the highest common divisor of 5218 and 16?
2
Calculate the highest common factor of 12021 and 21.
3
What is the greatest common factor of 592 and 67414?
74
Calculate the highest common divisor of 22032 and 1458.
162
Calculate the greatest common factor of 8832 and 95808.
192
Calculate the highest common divisor of 20 and 40415.
5
Calculate the highest common factor of 2940 and 389508.
84
What is the greatest common divisor of 108 and 1985661?
27
Calculate the highest common divisor of 76936 and 472.
472
Calculate the highest common factor of 36 and 9738.
18
Calculate the highest common divisor of 1001253 and 33.
33
Calculate the highest common divisor of 210 and 670.
10
What is the highest common divisor of 200 and 1260100?
100
Calculate the highest common factor of 78 and 4938.
6
Calculate the highest common factor of 1220 and 228628.
244
What is the greatest common divisor of 2200 and 443700?
100
What is the highest common factor of 26 and 782938?
26
What is the greatest common divisor of 18625 and 1043?
149
What is the greatest common factor of 132675 and 195?
15
Calculate the greatest common factor of 232 and 87667.
29
What is the highest common factor of 2692028 and 1208?
604
What is the highest common divisor of 2776 and 4936?
8
What is the greatest common factor of 90 and 182835?
45
What is the highest common factor of 244 and 1182?
2
Calculate the greatest common factor of 5698296 and 222.
222
Calculate the highest common factor of 352 and 1866656.
352
Calculate the greatest common divisor of 246 and 313568.
82
What is the greatest common divisor of 576 and 31232?
64
What is the highest common factor of 3434 and 606?
202
Calculate the greatest common factor of 38395 and 245.
35
What is the greatest common divisor of 5617 and 10823?
137
Calculate the greatest common factor of 105981 and 8.
1
What is the greatest common factor of 112561 and 31?
31
What is the highest common factor of 5769 and 11772?
9
Calculate the greatest common divisor of 17 and 463811.
17
Calculate the greatest common factor of 12996 and 5814.
342
Calculate the greatest common divisor of 767911 and 3817.
347
What is the greatest common divisor of 22 and 3228016?
22
Calculate the highest common divisor of 13867790 and 10.
10
Calculate the highest common divisor of 182 and 33670.
182
Calculate the greatest common factor of